g + 10*g. Suppose -g*x + 27*x = 96. Let s = x - 28. Calculate j(s).
-3
Let q(s) be the first derivative of s**4/4 + 7*s**3/3 + 3*s**2/2 - 2*s + 420. Let f = -26 + 20. Determine q(f).
16
Suppose -k - 11 = -2*w, 5*k + 3 + 2 = 0. Suppose 33 = 2*m - 5*o, 3*m + w = -2*m - 5*o. Let q(t) = 23*t - t**3 - 10*t + 5*t - 12*t + 2*t**2 - 4. What is q(m)?
-12
Let p(a) = -a + 2*a**2 + 4*a - 2*a**2 + 4*a**2 + 3 + a. Calculate p(-2).
11
Let k = -1446 + 1442. Let c(l) = l**3 + 2*l**2 - 12*l - 16. What is c(k)?
0
Let m(w) = 7*w**3 + w**2 + w + 1. Let l(n) = -6*n**2 - 6*n + 13. Let y(t) = 17*t**2 + 19*t - 39. Let q(d) = 8*l(d) + 3*y(d). Let a be q(-4). Give m(a).
-6
Let b(d) = -8*d - 2*d - 2 + 9*d. Let n(o) = -3*o - 15. Let a be n(6). Let z(g) = g**3 + 31*g**2 - 67*g - 39. Let l be z(a). What is b(l)?
4
Let i(j) = j**2 + 4*j**2 + 9*j + 2 - 2*j**2 - 2*j**2. Let w(l) = 1. Let b(n) = i(n) + 3*w(n). Suppose -11*a - 14 = -9*a. What is b(a)?
-9
Let k(u) = 0*u - 2*u - 31 + 30. Let m(r) = 2*r. Let n(a) = 4*k(a) + 6*m(a). Let z = -90 - -93. What is n(z)?
8
Let j(v) = -v**2 + 3*v + 12. Suppose -5*k = -101 + 81. Let q be j(k). Let p(u) = -u**2 + 8*u - 5. Calculate p(q).
-5
Let i be ((-15)/(-9))/((-40)/(-96)). Let j(a) be the second derivative of 1/20*a**5 + 0 - 3/2*a**3 - 8*a - 5*a**2 + 7/12*a**i. Give j(-8).
-2
Let y(w) = -w**3 - 6*w**2 - 3*w + 5. Let g = 10 - 9. Suppose -3*n - 3*c + 1 + 5 = 0, 5*n = 2*c + 38. Suppose -n*l - 23 = g. Calculate y(l).
-15
Suppose -x = i - 5, -2*x = -8*i + 3*i + 25. Let k(h) be the first derivative of -32 + 1/2*h**2 + 1/3*h**3 + 1/4*h**4 + 8*h. Calculate k(x).
8
Let j(r) = -r**3 + 9*r**2 - 7*r - 1. Let x be 2/(-11) + 624/44 + -4. Suppose 26*o = 21*o + x. Suppose -3*z + 6*z - 33 = -3*b, -b + o = -2*z. Give j(b).
7
Let u(g) = -g**2 + 26*g - 11. Let z be 8 - (-16 - -28) - 29*1/(-1). What is u(z)?
14
Let k(q) = 8*q**2 - 74*q - 58. Let f(n) = 2*n**2 + 3*n + 1. Let o(i) = 5*f(i) - k(i). Determine o(-44).
19
Let w(f) be the first derivative of -f**5/60 - f**4/4 + 5*f**3/6 - 3*f**2/2 - 2*f + 82. Let r(y) be the second derivative of w(y). What is r(-6)?
5
Let w(z) = 5276 - 5276 - z. Suppose 17 = 2*y - 3*m - 5, 3*y + 4*m = -1. Determine w(y).
-5
Suppose -2*c - 3*t = 10, 4*c - 12 = 7*c + 3*t. Let z be -5 + -2 + c + (-2 - -12). Let g(d) = 4*d**2 + 11*d**3 + d + 0*d**2 - 5*d**2 - 1. Give g(z).
10
Let b(r) = r**3 + 5*r**2 - 6*r + 8. Suppose 23*z - 23 = -x + 28*z, 0 = 3*z + 18. What is b(x)?
-48
Let k(x) = -92 - 92 + 272 - 4*x + x - 90. Suppose -r = v - 1, v + 33 = 5*r + 4. Let l be (1 + (-2)/v)*2. Calculate k(l).
-11
Let f(v) = -v - 5. Suppose 0*j = 5*g + 4*j - 344, 0 = 4*j + 16. Suppose -g - 12 = -6*l. Suppose 6*b + 4*b = l*b. What is f(b)?
-5
Suppose 0 = 3*f - 3*v - 16 + 1, 4*v = -4. Let u(m) = 13 + 9 + m**2 - f - 12*m. Calculate u(12).
18
Suppose 877*h - 1020*h + 1001 = 0. Let y(i) = i**2 - i**3 + 9*i - 7 + 6*i**2 - 3*i. What is y(h)?
35
Let u be 4 + (4 + (-54)/8)*4. Let x(j) = -29*j**2 + 22*j - 26. Let o(v) = 9*v**2 - 7*v + 8. Let r(i) = u*o(i) - 2*x(i). Calculate r(3).
-34
Let b(a) = -a + 3. Let m be b(6). Suppose -x + 21 = 2*q - 45, 5*x - 339 = -q. Let d(i) = 3 - 63*i**2 - x*i**2 + 129*i**2 - i. Give d(m).
-12
Let s(z) = z. Let n(x) be the second derivative of -x**4/12 + 2*x**3/3 + x**2 + 10*x. Let o be n(4). Suppose 4*h - 4*m - 21 = -5, -h - o*m + 1 = 0. Give s(h).
3
Let n(l) be the second derivative of -l**5/2 - l**4/12 + l**2/2 + l. Let q = 8398 - 8399. Calculate n(q).
10
Let p = 7 + -3. Suppose f = -2*u + 8, u = -4*f + 6*u - 7. Let g(c) = -c**3 + 0*c - 12 - p*c**2 - c + 3*c**f. Calculate g(0).
-12
Let p be (2/(-4))/((-10 + 3)/42). Let q(r) = r**3 - 2*r**p + 359 - 358 - r**2 + 2*r. Give q(2).
-7
Let h(t) = 5*t - 3*t + 3 + t**2 + 2*t. Let o be 7 + 0 - 1*(-34 + -2)/(-4). Determine h(o).
-1
Let a = -188 - -150. Let x = 45 + a. Let b(i) = -i**2 + 4*i + 1. What is b(x)?
-20
Let b be (-1*10)/(6/3). Let f(w) = 713*w**2 - 248*w**2 - 3*w - 242*w**2 + 16 - 224*w**2. Calculate f(b).
6
Let i(y) = 3*y - y - 13 - 4*y. Let j = 864 - 864. Suppose j = -52*o + 48*o - 36. What is i(o)?
5
Let y(z) = -z**3 + 5*z**2 + 25*z - 123. Let a be y(5). Let u(p) = 4*p**3 - p**2 + 3*p + 1. Calculate u(a).
35
Let u(m) = -m**3 - 15. Let i be 8 - ((1 + 0)*2 - -2). Suppose 0 = -4*v + i*n + 12, -3*v + 14*n = 10*n - 12. What is u(v)?
-15
Let u(t) = -4*t**2 - 33*t - 2. Let a be u(-8). Let c(r) = -2 - 25*r + 2 + 26*r. Calculate c(a).
6
Let c(o) be the third derivative of o**3 + 1/8*o**4 + 33*o**2 + 0*o + 0. Determine c(-3).
-3
Let q be 6 - (8/(-22) + (-104)/(-286)). Let b(o) = -3*o**3 + 20*o**2 - 10*o - 13. Calculate b(q).
-1
Let l(g) = g**2 + 267*g + 1318. Let w be l(-5). Let a(p) = -p**2 + 12*p - 20. Determine a(w).
12
Suppose -5*n - 12 = 3. Let z be (2 + -5)/(3/(-2)). Let m(c) = 4*c + 7*c**3 + 4*c**z - 6*c**3 - 3 + 2. What is m(n)?
-4
Let l(r) be the second derivative of r**5/20 - r**4/4 + 2*r**3/3 - 3*r**2 - r. Let i = -121708 - -121712. Calculate l(i).
26
Let r(a) be the third derivative of a**5/60 - 23*a**4/24 + 35*a**3/2 - 37*a**2 - a + 2. Calculate r(10).
-25
Let n(s) be the second derivative of -s**5/20 + s**4/2 + 3*s**2 + s. Suppose 3*a = -2*z + 32, 769*z - 765*z = -a + 34. Determine n(a).
6
Let m(f) = -1 + 52*f**3 + 2467*f**2 - 2467*f**2 + 0. Calculate m(-1).
-53
Let i(m) be the first derivative of -9*m**2 - 35*m - 2692. Give i(-2).
1
Let q(g) be the third derivative of -g**4/8 + 7*g**3/3 - g**2 - 32. Let k(i) = 6*i - 29. Let s(h) = -3*k(h) - 7*q(h). Calculate s(-9).
-38
Let z(m) = 11*m**2 - 3*m + 6. Let y be z(3). Let w(b) = y*b**3 + 96*b**3 - 1 - b**2 - 187*b**3 + b. Determine w(1).
4
Let m(r) = 105 - 9*r**2 - 36 - 30 + 2*r + 2*r - 37. Give m(-1).
-11
Let k(g) = -g**3 - 7*g**2 + 8*g + 11. Suppose 0 = -0*p + 10*p - 30. Let q(s) = 10*s - 13*s - 2*s**2 - 5 - p - 13*s. Let l be q(-8). What is k(l)?
11
Let v(a) = a**2 - 6*a - 10. Let w(n) = -n**3 + 17*n**2 - 6*n - 48. Let x be w(16). Suppose -4*q - x = -18*q. Calculate v(q).
6
Let q(u) = -u + 239 - 312 + 28*u - 17*u. Calculate q(7).
-3
Let b(u) = -8*u**3 - 1. Suppose -2983 + 382 = -9*p. Let h = p + -288. Determine b(h).
-9
Let c = -88 - -85. Let p(r) = 11*r - 11. Let k(u) = -4*u + 4. Let l(f) = c*p(f) - 8*k(f). Suppose 2*d + 5*h = -0*d - 12, 2*d - 20 = 3*h. Calculate l(d).
-3
Let m(t) be the first derivative of -t**2/2 - 2. Let j(z) = -11*z**2 + 3*z - 2. Let p be j(3). Let c = 86 + p. Give m(c).
6
Suppose 2*w = -4*r + 6, 5*w = -2*r + r - 12. Let g(z) = -11*z**r + 7*z**3 + 2 + 5*z**3. What is g(-2)?
-6
Suppose 5*x = -8*s - 20, s + 3*x - 5 = 2. Let y(u) = u**3 + 4*u**2 + 2*u + 43. Give y(s).
8
Let k(o) = -2*o + 29. Let y be k(6). Let h(f) = -4*f + y*f**2 - 14*f + 19*f. What is h(1)?
18
Let j(l) = l + 1. Let v be ((-228)/(-95))/(((-4)/5)/2). Let i be ((-2)/(-5) - 1)*-5 - v. Calculate j(i).
10
Let h(w) = -2*w - 2*w + 2 + 3*w. Let t(y) = -y**2 + 23*y - 17. Let b be t(19). Suppose -12*f - b + 11 = 0. Calculate h(f).
6
Suppose 8*c = -16*c + 240. Let j(p) = -p + 3*p + 2 + 3 - 4*p + 5. Determine j(c).
-10
Let k = 27 + -25. Suppose -4*j - k*j = -18. Let m(p) = p**j + 5*p**2 - 5 - 2*p + 5 + 3*p + 7. Give m(-5).
2
Let t(s) = -s + 0*s**2 + s**3 + 1 + 16 - 12*s**2. Let n(j) = j + 30. Suppose 22*f - 126 = 29*f. Let a be n(f). Give t(a).
5
Let m(l) be the second derivative of -l**5/20 - l**4/6 + l**3/6 + 210*l + 4. Give m(1).
-2
Suppose -584*p + 4 = -583*p, 2*h - p = 8. Let c(j) be the first derivative of 2*j**2 + 3*j - 1. What is c(h)?
27
Let s(c) be the second derivative of -c**3/3 + 19*c**2/2 - 10*c - 9. Calculate s(14).
-9
Let b(f) = 2*f**2 - 2*f - 13. Let s be b(-6). Suppose 85 - s = 2*x. Suppose 4*t = -4*m + 16, 4*m = x*m - 12. Let h(d) = d**2 - d + 21. Calculate h(t).
21
Let x(s) = 1413*s - 7 + 4 - 12 - 1420*s. Give x(-4).
13
Let w(r) = -r**2 + 5*r - 2. Let p be (-4)/(52/327) + (-10)/(-65). Let g be (26 + p)*(12/(-1))/(-2). Determine w(g).
-8
Let g = -358 - -349. Let v(m) = m**3 - 8*m**2 - 7*m - 8. Let k(x) = -5*x**3 + 33*x**2 + 29*x + 33. Let y(d) = g*v(d) - 2*k(d). Determine y(-4).
18
Let u(n) = -n**3 + 8*n**2 - n + 4. Let v = 1192 - 1185. What is u(v)?
46
Let o(n) = -5*n**2 - n - 1. Let y(r) = 21*r**2 + 2*r + 42506 - 10*r**2 - 42503. Let g(i) = 13*o(i) + 6*y(i). Give g(0).
5
Let k(h) be the second derivative of h**4/12 - h**3/6 - 